Is 157 a prime number?
True
Is 151491 composite?
True
Is 36193 composite?
True
Is 710963 a composite number?
True
Is 61213 prime?
False
Is 2777 prime?
True
Is 3849 composite?
True
Is 26231 composite?
True
Is 278335 a prime number?
False
Is 1117549 a prime number?
True
Is 34807 a prime number?
True
Is 121381 a prime number?
False
Is 4511 a prime number?
False
Is 33361 a composite number?
True
Is 573181 a prime number?
False
Is 1139 a prime number?
False
Is 16609 prime?
False
Is 7817 composite?
False
Is 3353 composite?
True
Is 38443 composite?
True
Is 1585 prime?
False
Is 45751 a composite number?
False
Is 54251 a prime number?
True
Is 841267 composite?
True
Is 609953 a composite number?
True
Is 372257 a composite number?
True
Is 96643 a composite number?
False
Is 268267 a composite number?
False
Is 11771 a prime number?
False
Is 59273 a composite number?
False
Is 70145 a prime number?
False
Is 33149 a prime number?
True
Is 13957 prime?
False
Is 1053202 prime?
False
Is 160309 prime?
True
Is 850673 a composite number?
False
Is 272131 composite?
False
Is 798283 prime?
False
Is 151591 prime?
False
Is 153503 a composite number?
True
Is 10113 prime?
False
Is 48073 a composite number?
False
Is 26687 a composite number?
False
Is 130719 a composite number?
True
Is 13771 composite?
True
Is 89261 composite?
False
Is 704135 a prime number?
False
Is 7 a composite number?
False
Is 2846 prime?
False
Is 1198543 composite?
True
Is 355171 a prime number?
True
Is 707071 prime?
True
Is 47631 a prime number?
False
Is 43637 composite?
True
Is 309079 a prime number?
True
Is 13781 a composite number?
False
Is 4547 a prime number?
True
Is 35414 composite?
True
Is 8887 composite?
False
Is 74631 a prime number?
False
Is 29269 a composite number?
False
Is 84947 a composite number?
False
Is 188983 a prime number?
True
Is 21687 a prime number?
False
Is 3491 a prime number?
True
Is 90283 prime?
False
Is 84559 a prime number?
True
Is 341617 composite?
False
Is 1629767 composite?
False
Is 32735 a composite number?
True
Is 6073 prime?
True
Is 4453 composite?
True
Is 163813 prime?
False
Is 284317 a prime number?
False
Is 1124693 composite?
True
Is 2375953 a prime number?
False
Is 382773 prime?
False
Is 7789 a prime number?
True
Is 2182 a composite number?
True
Is 93919 a composite number?
True
Is 8563 prime?
True
Is 134529 a composite number?
True
Is 2189 a composite number?
True
Is 32885 a composite number?
True
Is 2707589 prime?
True
Is 69469 prime?
False
Is 1374463 a composite number?
True
Is 51279 composite?
True
Is 1131121 a prime number?
True
Is 22405 a prime number?
False
Is 512749 composite?
True
Is 31 a prime number?
True
Is 142531 prime?
False
Is 204053 composite?
True
Is 270409 a prime number?
False
Is 167521 a composite number?
False
Is 24197 composite?
False
Is 22181 a composite number?
True
Is 2203 a composite number?
False
Is 2843 a prime number?
True
Is 1465 a composite number?
True
Is 133769 a composite number?
False
Is 1923 composite?
True
Is 105509 composite?
False
Is 126409 a prime number?
False
Is 24997 prime?
False
Is 11957 prime?
False
Is 36061 composite?
False
Is 30439 composite?
True
Is 3943 a prime number?
True
Is 1230899 composite?
True
Is 2011409 a prime number?
True
Is 101267 prime?
True
Is 7183 composite?
True
Is 17851 prime?
True
Is 2122 composite?
True
Is 92273 prime?
False
Is 142015 prime?
False
Is 91687 composite?
True
Is 31207 composite?
True
Is 56659 a composite number?
False
Is 7669 prime?
True
Is 219769 a composite number?
True
Is 3613 composite?
False
Is 683 a prime number?
True
Is 250109 a composite number?
False
Is 13327 prime?
True
Is 15809 a composite number?
False
Is 23703 prime?
False
Is 2673922 prime?
False
Is 79579 composite?
False
Is 80257 composite?
True
Is 78911 a composite number?
True
Is 18881 a composite number?
True
Is 447841 a composite number?
False
Is 1901 a composite number?
False
Is 27067 a composite number?
False
Is 11762 a composite number?
True
Is 15307 prime?
True
Is 10247 a prime number?
True
Is 20921 composite?
False
Is 7069 a composite number?
False
Is 83833 prime?
True
Is 102941 a prime number?
False
Is 13813 a composite number?
True
Is 52795 a prime number?
False
Is 93971 composite?
False
Is 28369 prime?
False
Is 228953 a prime number?
True
Is 19181 a composite number?
False
Is 21751 prime?
True
Is 4706657 prime?
True
Is 167701 prime?
False
Is 58651 a prime number?
False
Is 901 a composite number?
True
Is 34459 a composite number?
True
Is 26597 a prime number?
True
Is 12197 a prime number?
True
Is 518933 prime?
True
Is 24281 a prime number?
True
Is 631 composite?
False
Is 67406 a composite number?
True
Is 950837 prime?
True
Is 3079901 composite?
True
Is 681623 a composite number?
False
Is 19661 a composite number?
False
Is 72043 composite?
False
Is 26641 a composite number?
False
Is 4337 a composite number?
False
Is 765437 composite?
False
Is 103513 a prime number?
False
Is 210589 a prime number?
False
Is 249287 composite?
False
Is 913111 a prime number?
False
Is 2289089 a composite number?
True
Is 19733 a prime number?
False
Is 158133 composite?
True
Is 56587 a prime number?
False
Is 577867 a composite number?
False
Is 213019 a prime number?
True
Is 77379 a composite number?
True
Is 200513 prime?
True
Is 789221 prime?
True
Is 1411471 a composite number?
False
Is 561859 a prime number?
False
Is 69623 composite?
False
Is 13261 a prime number?
False
Is 799519 prime?
False
Is 10497 a composite number?
True
Is 835069 a composite number?
True
Is 29231 a prime number?
True
Is 38107 a composite number?
True
Is 34031 a prime number?
True
Is 3041 composite?
False
Is 268267 a prime number?
True
Is 82961 prime?
False
Is 758137 a prime number?
True
Is 12013 a prime number?
False
Is 1949 composite?
False
Is 7669 prime?
True
Is 122099 prime?
True
Is 5147 a composite number?
False
Is 1009 a composite number?
False
Is 767 prime?
False
Is 8057 prime?
False
Is 17354 a composite number?
True
Is 23533 composite?
True
Is 2627 composite?
True
Is 870367 a composite number?
False
Is 91571 prime?
True
Is 7063 a composite number?
True
Is 20201 a composite number?
False
Is 364289 a prime number?
True
Is 26083 a prime number?
True
Is 26801 a composite number?
False
Is 116563 a prime number?
False
Is 108943 composite?
False
Is 712007 prime?
True
Is 4313 a composite number?
True
Is 19541 prime?
True
Is 693317 a composite number?
False
Is 911 a composite number?
False
Is 143669 a prime number?
True
Is 175091 composite?
True
Is 2808409 a composite number?
True
Is 4141 a prime number?
False
Is 1651555 composite?
True
Is 48703 composite?
True
Is 9337 a composite number?
False
Is 669 a prime number?
False
Is 9413 prime?
True
Is 335609 prime?
True
Is 1097 prime?
True
Is 6599 composite?
False
Is 61373 a composite number?
True
Is 23469 a composite number?
True
Is 917743 prime?
False
Is 201007 a prime number?
True
Is 44501 composite?
False
Is 9733 composite?
False
Is 3274 composite?
True
Is 38147 composite?
True
Is 6733 prime?
True
Is 278537 a prime number?
False
Is 57697 a prime number?
True
Is 210439 a prime number?
False
Is 661357 a prime number?
False
Is 258827 composite?
False
Is 24749 a composite number?
False
Is 719 composite?
False
Is 2470957 a composite number?
False
Is 10533 a prime number?
False
Is 747173 a composite number?
True
Is 3035453 prime?
True
Is 57149 prime?
True
Is 557779 prime?
True
Is 149 composite?
False
Is 24317 composite?
False
Is 17558 prime?
False
Is 25963 composite?
True
Is 128989 a composite number?
True
Is 836609 a composite number?
False
Is 1101 a prime number?
False
Is 1883579 a composite number?
True
Is 55997 a composite number?
False
Is 69241 a prime number?
False
Is 7405 a composite number?
True
Is 501563 composite?
False
Is 360407 a composite number?
False
Is 44007 a prime number?
False
Is 1559 composite?
False
Is 28829 composite?
True
Is 16519 prime?
True
Is 11057 composite?
False
Is 382315 a composite number?
True
Is 20569 a composite number?
True
Is 95797 a composite number?
True
Is 14137 composite?
True
Is 344671 prime?
True
Is 16961 a prime number?
False
Is 49003 a prime number?
True
Is 3993905 a composite number?
True
Is 4546 a prime number?
False
Is 28387 prime?
True
Is 679 a composite number?
True
Is